
2, 3, 47
Let f(a) = -66 + 54 + 5*a + 6*a. What are the prime factors of f(10)?
2, 7
Let d = -10 + 14. Suppose 124 = -d*o + 376. What are the prime factors of (o/(-6))/((-6)/16)?
2, 7
Let y be (-1)/(2 + -1) - -4. List the prime factors of (2/(-9))/(y/(-612))*3.
2, 17
Let s(g) = 25*g**2 - 19*g + 86. What are the prime factors of s(5)?
2, 7, 11
Let w(y) = -7*y - 5. Let h be w(-2). What are the prime factors of h/15 + 3020/50?
61
Let b(v) = v**2 - 5*v + 6. Let s be b(4). Suppose -p + s*p + 30 = 0. List the prime factors of (4/(-5))/(2/p).
2, 3
Let a = -115 + 192. Let s = a + -55. Let r = s - 14. List the prime factors of r.
2
Let s be ((-8)/(-12))/((-2)/(-6) - 0). Suppose 0 = -s*d + 178 - 58. What are the prime factors of d?
2, 3, 5
Suppose 5*d - 25 = 0, 0 = -3*y + y - 3*d - 13. What are the prime factors of (72/y)/(1/(-7))?
2, 3
Suppose 467*j - 469*j + 852 = 0. List the prime factors of j.
2, 3, 71
Let n be (0 + 1)*(-12 + 12). Suppose n = o - 86 + 25. What are the prime factors of o?
61
Let b = -136 - -128. Suppose 0 = k - 6*k + 10. What are the prime factors of (6/b)/(k/(-136))?
3, 17
Let p = -2151 + 3028. What are the prime factors of p?
877
Suppose -41*c + 300 = -31*c. What are the prime factors of c?
2, 3, 5
Let a(v) = 4*v + 42. Let f be a(0). Suppose -4*q + 134 + f = 0. List the prime factors of q.
2, 11
Let o(c) = c**3 + 19*c**2 + 17*c - 12. Let r be o(-18). Let f be -3*(2/r + -2). Suppose -448 = -f*v - 2*v. What are the prime factors of v?
2
Let p(c) = c - 8. Let y be p(10). Suppose -y*l = 5*l - 161. What are the prime factors of l?
23
Let d be 6/9 + (-16)/(-12). Suppose -4*m + d*m - 55 = -t, 5*t - 303 = -4*m. What are the prime factors of t?
59
Suppose 4*l = -3*x - 12, 3*l + 0*x = x - 9. Let t be (-2)/7 - 128/(-7). Let u = t + l. List the prime factors of u.
3, 5
Let h(a) = 3*a**3 - 8*a**2 - 3*a + 5. Let g(z) = -2*z**3 + 7*z**2 + 2*z - 4. Suppose -3*n = -n - 6. Let r(s) = n*h(s) + 4*g(s). List the prime factors of r(-4).
3
Let m = -1055 + 2514. List the prime factors of m.
1459
Let h = 1637 - 1078. What are the prime factors of h?
13, 43
Let b be (-2057)/(-55) + (-2)/5. Suppose -w + v = 2, -v - b = -4*w - 6*v. What are the prime factors of (-232)/(-24) - (-1)/w?
2, 5
Suppose -13 = -4*h - 5*d, -3*d + 7 = 4*h - 4*d. Suppose h*r - 4*r = 0. Suppose 285 = 5*l - r*l. What are the prime factors of l?
3, 19
Suppose 0 = 2*g - 6. Suppose -g*d = -4*u + 227 + 53, -264 = -4*u - d. List the prime factors of u.
67
Let v = -22 + 6. Let z(l) = -33*l**2 - l + 1. Let p be z(1). Let g = v - p. What are the prime factors of g?
17
Let k be (-6 - -8)*2/(-2). List the prime factors of (k + 3)*-3*-3.
3
Let t = -9769 + 15338. What are the prime factors of t?
5569
Suppose 4*p = -2*l + 432, 0*p + 3*l + 422 = 4*p. What are the prime factors of p?
107
Suppose 2*m - 3*s - 6804 = -2344, 0 = -m - 3*s + 2230. What are the prime factors of m?
2, 5, 223
Let r = 0 - -295. List the prime factors of r.
5, 59
Let p(f) = 1010*f**2 + 9*f - 9. What are the prime factors of p(2)?
4049
Let f(k) = 123*k - 152. List the prime factors of f(23).
2677
Suppose -3*u = -8*u + 10. Let i be 8 - (-3 + 5 + u). Suppose -i*c + 142 - 38 = -4*r, -5*r = -3*c + 86. List the prime factors of c.
2, 11
Let i(j) = 27*j**3 - 2*j**2 + 6*j - 10. List the prime factors of i(2).
2, 3, 5, 7
Let m = -152 + 147. Let c(z) = -z**3 - 8*z**2 - z - 1. Let n(g) = -3*g**3 - 25*g**2 - 3*g - 2. Let d(h) = -7*c(h) + 2*n(h). List the prime factors of d(m).
23
Let o(c) be the second derivative of 6*c**2 - 1/20*c**5 + 0 - 2/3*c**4 + 3*c + 4/3*c**3. List the prime factors of o(-9).
3, 7
Let j = -387 + 215. Let r = -14 - j. List the prime factors of r.
2, 79
Let n be 2/6*3 - 13. Let r(j) = j**2 + 8*j - 15. List the prime factors of r(n).
3, 11
Let f(r) = 2169*r - 1. Let x be f(1). List the prime factors of x/24 + (-2)/6.
2, 3, 5
Let f(u) = u**2 + 15*u + 13. Let n be f(-19). Let p = 150 - n. List the prime factors of p.
61
Let x = -8 - -12. Suppose -2*i + 155 = -i + 2*v, -x*i - 2*v = -626. List the prime factors of i.
157
Let n = 2689 - 1785. What are the prime factors of n?
2, 113
Let b(s) = s**2 - 2*s + 2. Let d = 3 - 0. Let z be b(d). Suppose 5*o = -z, -o + 4 = i - 0*o. What are the prime factors of i?
5
Suppose 25*q = -10*q + 41160. What are the prime factors of q?
2, 3, 7
Let c = -10 - -13. Suppose -c*v + 55 = 5*d, v = -d - 0*v + 13. Suppose 6*j + 28 = d*j. What are the prime factors of j?
2, 7
Let n be 18/(-15) + (-2)/(-10). List the prime factors of (3 + n)/(2/72).
2, 3
Let g(l) be the third derivative of -13*l**4/24 - 5*l**3/6 + 5*l**2. Let z be ((-8)/6)/(2/3). What are the prime factors of g(z)?
3, 7
Let n(b) = -2*b**2 - b + 6. Let c(s) = 2*s**2 - 3. Let k(h) = 3*c(h) + 2*n(h). Let g = 4 + -7. List the prime factors of k(g).
3
Let n = 36 - 31. Suppose -n*g = g. Suppose 132 = 2*k + 3*w - g*w, 5*k + w - 356 = 0. List the prime factors of k.
2, 3
Let y = -6425 + 10315. What are the prime factors of y?
2, 5, 389
Let w = -64 + 31. Let p = 42 + w. List the prime factors of p.
3
Let f be (3/(-15) + 16/5)*397. Suppose 0*x + f = 4*u - 3*x, -3*u = -2*x - 893. List the prime factors of u.
3, 11
Let x(l) = l**2 - 11*l + 37. List the prime factors of x(13).
3, 7
Let k(c) = 42*c - 53. Let w be k(-8). Let l = -227 - w. What are the prime factors of l?
2, 3
What are the prime factors of 4/(-6) - 1703/(-3)?
3, 7
Let o = -13 + 40. Suppose 26 - 2 = v. Let s = o - v. List the prime factors of s.
3
Let v(l) = -l**3 + 16*l**2 - 14*l + 3. Let f be v(15). Let g = -15 + f. Suppose -93 = -g*x + 6. What are the prime factors of x?
3, 11
Let t(b) = b**3 + 6*b**2 - 5*b. Let f be t(-7). Let o = f - -12. Let m(l) = -6*l - 1. What are the prime factors of m(o)?
11
Suppose 2*y + 2*t - 22 = 0, y - 4*t - 2 = 9. Let a(h) = h**2 - 3*h - 18. Let s be a(y). Let r = s + -42. What are the prime factors of r?
2, 7
Suppose -5*a - 49 = -f, 2*a + 30 = 3*f - 0. Let x be -17 - 3/a*3. Let g = x + 27. What are the prime factors of g?
11
Suppose -3*g + 3406 = -3*d - 563, -2*g + 2646 = 3*d. What are the prime factors of g?
3, 7
Let f(l) = -9*l + 4. Let g(k) = -5*k**3 - 3*k**2 + k + 1. Let u be g(1). What are the prime factors of f(u)?
2, 29
Let c be (-2 + 2 + -2)/(4/10). What are the prime factors of ((-2)/(-1))/(c + (-11)/(-2))?
2
Let y(h) = -924*h + 4. What are the prime factors of y(-1)?
2, 29
Suppose -4*w = -0*w + 72. Let z be 4/w + (-11640)/(-135). Let h = z + -52. List the prime factors of h.
2, 17
Let j = 155 + -127. Suppose 7*i - 70 = j. List the prime factors of i.
2, 7
Let k(u) be the third derivative of -u**6/120 + u**5/10 - u**3/6 + 12*u**2. What are the prime factors of k(4)?
31
Let f(r) = 7*r**2 + 40*r - 8. What are the prime factors of f(-12)?
2, 5, 13
Suppose 2*z + 1658 = -47*l + 48*l, -z = 2*l - 3306. What are the prime factors of l?
2, 827
What are the prime factors of 4/9 - -40988*(-9)/(-324)?
17, 67
Suppose 28 = -4*u + 4*h - 64, 0 = -3*u + 4*h - 66. Suppose 528 = -20*l + 1348. Let n = l + u. What are the prime factors of n?
3, 5
Suppose 0 = -4*i - 2*z - z + 630, -2*i + 2*z + 308 = 0. Suppose 805 = 5*x + 2*a, -17 - i = -x + 2*a. What are the prime factors of x?
163
Suppose 5*l - 2*s + 15 + 19 = 0, -10 = 3*l + 4*s. Let q(c) = -c**3 - 4*c**2 + 5*c - 13. List the prime factors of q(l).
29
Suppose -14 = -5*a + 61. Let h = a - 15. Suppose 3 = 2*i - 3*y, h*i = -5*i - 3*y + 60. List the prime factors of i.
3
Let p(u) = u**3 + 7*u**2 + 7*u + 1. Let s be p(-6). Let x = 4 + -2. What are the prime factors of (16/s)/(x/(-5))?
2
Let d = 26 + -21. Suppose 0 = 2*c + d*x - 127 - 27, 3*x + 231 = 3*c. What are the prime factors of c?
7, 11
Let x(k) = 10*k**2 + 2. Let z be x(-3). Let y = 161 - z. What are the prime factors of y?
3, 23
Let j(o) = -19*o + 7*o + o**2 + 4 - 2*o**2 - 3*o. List the prime factors of j(-12).
2, 5
Let w be 4 + 3 + -3 + -2. Suppose w*s = 4*s - 4. List the prime factors of s/(-4) - 39/(-2).
19
Let g(h) be the third derivative of -h**4/24 - h**3/6 - 4*h**2. Let c be g(-3). Suppose -c*u = v - 30, 5*u - v + 3*v - 77 = 0. List the prime factors of u.
17
Let g(z) = z**2 + z + 82. Let l(q) = -q**2 - q. Let b(f) = g(f) + 3*l(f). What are the prime factors of b(0)?
2, 41
Let y(v) = -v + 8. Let l be y(4). What are the prime factors of (l - 2 - 4) + 